= -l - 1. Suppose 0 = 9*m - 13 + 4. Let a(p) = -p**3 + 19*p**2 - 8*p + 1. Let g(y) = m*a(y) + 5*n(y). Is g(11) a composite number?
False
Suppose 331905 = 59*f - 14602. Is f a prime number?
False
Let m(z) = 317*z**3 + z**2 - z. Let r be m(-2). Let b(w) = -w**2 + 17*w - 58. Let s be b(7). Is ((-9)/(-54) - r/s)*1 a prime number?
True
Suppose 112*h - 10887720 = 10332696. Let n(c) = -72*c**2 - c - 1. Let s be n(-1). Is 2/4 + -1 - h/s composite?
True
Let t(d) = -99638*d + 227. Is t(-6) composite?
True
Suppose -3*v - 191 = -1316. Let l = v - -3662. Is l a prime number?
False
Suppose -4*a + 4*v + 484876 = 0, 4*a + 4*v = 530620 - 45760. Is a a composite number?
True
Let h = -49 - -49. Suppose -5*m + 2*x + 21967 = -h*m, m - 4390 = -3*x. Is m a prime number?
False
Suppose -5*n + 2459 = 9149. Let g = n - -2018. Suppose -3*k = -5*y + 686, -5*k = y - 6*y + g. Is y a composite number?
False
Let z(t) = 23*t + 18. Let x = 43 - 31. Suppose -6*u + 30 = -x. Is z(u) prime?
True
Suppose -3*k + 10 = j - 1, 4*k = 4*j - 12. Suppose -4*f + k*n + 9930 = 2808, 5331 = 3*f + 2*n. Is f prime?
False
Suppose 38*o - 35*o = -39. Let w(f) = -3*f**3 - 5*f**2 + 22*f - 29. Is w(o) composite?
False
Let a(v) = -28641*v + 6335. Is a(-16) prime?
True
Let c = 10 - -167. Let z = 324 - c. Let l = z + 148. Is l a composite number?
True
Let i(f) = -33*f**3 - 65*f**2 - 441*f + 7. Is i(-8) prime?
False
Let l(n) = -n**2 - 9*n - 10. Let g be l(-1). Let t be (50/15)/(g - (-24)/9). Suppose -12*m + 4753 = -t*m. Is m prime?
False
Let z = 280953 - -37276. Is z prime?
True
Let a be -4 + -2 - -9 - (-24 + 0). Let g = a - 99. Is (-1104)/g*(-258)/(-4) composite?
True
Suppose 16*m + 184421 = -121798 + 1375675. Is m prime?
True
Is (-22)/((130/(-7235))/13) a prime number?
False
Is (2 + -94)/(8/(-5420)) - 510/(-170) a prime number?
False
Let b be (4/(-2))/((-4)/18). Suppose -8*c + 85 = -b*c. Let o = c + 123. Is o a prime number?
False
Let g = -116557 - -168704. Is g a prime number?
True
Suppose -2*u + u - 5 = 0, 2*u + 125 = -5*t. Let k(j) = -j**3 + 7*j**2 + 18*j + 10. Let w be k(9). Let q = w - t. Is q a composite number?
True
Let l(y) be the second derivative of y**3/3 + 33*y**2/2 + 8*y. Let t be l(-14). Suppose -t*g + 0*g + 17455 = 0. Is g composite?
False
Let y(p) = 354*p + 1. Let b be y(4). Let x = -1142 + 1790. Let h = b - x. Is h a composite number?
False
Let l be 2*((-3724)/8 - 6). Let d = 1832 + l. Is d a prime number?
False
Suppose -95*o = -67*o - 51*o + 1022741. Is o a prime number?
False
Let i(y) = 3*y + 25. Let x be i(-7). Suppose 3*u = 4*h - 755, -h + 740 = u - x*u. Is u/(-5) + 3 + -2 + -4 composite?
True
Let u(d) = -d**3 + d**2 - 2*d. Let s(l) = 164*l**3 - 3*l**2 + 19*l - 15. Let g(x) = s(x) + u(x). Is g(4) composite?
False
Let u be (-6 - 2)*(20/(-16))/5. Suppose 8256 + 4919 = 5*a - 2*h, -5276 = -2*a + u*h. Is a a prime number?
True
Let t = 13610 - 7738. Let r = t - -2121. Is r a composite number?
False
Suppose -4*y + 3669104 = 4*m, 648*y = 4*m + 653*y - 3669103. Is m a prime number?
False
Suppose 3*o + 5 + 4 = 0, q - 5*o = 102. Suppose -82*u - 20665 = -q*u. Is u a prime number?
True
Suppose 6*s = -6988 + 230650. Is s a composite number?
False
Suppose 0 = 12*g - g + 153648. Let w = g + 20090. Is w composite?
True
Let a(h) = -h**3 + 3*h**2 + 7*h - 5. Let y be a(4). Suppose m + 5 - y = 0. Suppose 5*t - 189 = o, m*t - 17 - 69 = 3*o. Is t composite?
False
Suppose -3*i - 5*o = -0*o - 92304, 9 = -3*o. Is i a composite number?
False
Let f = -51 + 45. Let q be 175884/20 + f/30. Suppose -2*z - q = -4*k, 2*z + 8829 = 4*k + 7*z. Is k a prime number?
False
Let t(m) = -m - 6. Let a be t(-9). Let b be (2 - 8)*(-334)/a. Suppose -27*x + b = -23*x. Is x a prime number?
True
Suppose 2*b + 4*v - 50130 = 0, -652*b - 3*v - 50158 = -654*b. Is b a composite number?
False
Let m be (1 + -1)/5 + 14. Let i(w) = 1285*w - 87. Is i(m) a composite number?
False
Let u(p) = -4265*p - 393. Is u(-10) a composite number?
False
Suppose 0 = 6*g + 12 - 30. Suppose 4*o = -q + 763, 3*q = 5*q + g*o - 1511. Is q a composite number?
False
Let g(h) = -53*h**2 - 22*h - 40. Let c be g(-29). Let v = -29580 - c. Is v prime?
False
Let i(s) = 566*s + 17. Let t be i(4). Let q = -3680 - -2350. Let o = q + t. Is o a prime number?
False
Let u = -15231 - -7761. Let h = u - -10847. Is h prime?
False
Suppose -3*w - 7*w - 240 = 0. Let d be (36/w)/((-2)/4). Suppose -d*g = 5*g - 456. Is g composite?
True
Let z = 126618 + -36289. Is z composite?
True
Let d(i) = 3*i**3 + 16*i**2 - 33*i + 23. Is d(18) prime?
True
Let m(k) = k**3 - 9*k**2 + 11*k + 26. Let f be m(7). Suppose -1578 - 517 = -f*a. Is a composite?
False
Let c(b) = -4*b**2 - 2*b + 6. Let q be c(2). Let w = q + 19. Suppose w*i - 114 = 1471. Is i prime?
True
Suppose -2*z + 33119371 = 27*z + 2636630. Is z prime?
False
Let v(q) = -681*q - 37. Let t be v(-13). Suppose -5*g + 7*g = -t. Let c = g + 7179. Is c a composite number?
True
Suppose 57*p - 60*p = -76863. Is p a prime number?
True
Let o(n) be the second derivative of n**6/40 - 19*n**5/120 + 17*n**4/12 + 31*n. Let r(w) be the third derivative of o(w). Is r(6) a composite number?
False
Suppose -658*h - 5*y + 1087629 = -657*h, -2*y = -16. Is h prime?
True
Let f = 196 + -150. Suppose j - 7 = f. Is j a composite number?
False
Let s(i) = -280*i**2 + 9*i. Let g(q) = 279*q**2 - 10*q. Let u(o) = -6*g(o) - 7*s(o). Let n be u(-3). Let v = 3796 - n. Is v prime?
True
Suppose -11*f - 105 = 10*f. Let p(w) = -1294*w + 89. Is p(f) a composite number?
True
Let a be -7*21/(-245) + 25944/10. Suppose 0 = 5*o - 5*j - a, -5*j = -4*o - 8*j + 2090. Is o prime?
True
Let d(i) = 16*i**2 - 9*i + 2. Let z be d(-1). Suppose -41*o + z*o = -291886. Is o a prime number?
True
Suppose 4697749 + 6096298 = 121*i. Is i prime?
False
Suppose 897 = 6*k - 489. Let n = k - 139. Let a = n - -321. Is a composite?
True
Let l = -673 + 693. Suppose 12*h + 158392 = l*h. Is h a composite number?
True
Let b(z) = -z**3 - 5*z**2 + 6*z - 40. Let f be b(-6). Is 2968/3 - f/24 composite?
False
Let p be (-5)/(20/(-6)) + (-36476)/(-8). Suppose -p = 5*r - 4*u - 18096, -r + 2707 = -3*u. Is r prime?
True
Let t(u) = u**2 + 11*u. Let o(x) = -x**2 - 14*x - 6. Let v be o(-14). Let j be t(v). Is ((-10)/j)/((-1)/(-1467)) composite?
True
Is 181532435/735 - (-2)/42*2 composite?
True
Let t = 444970 + -216981. Is t a prime number?
True
Suppose 6 = 7*h - 4*h, -4*v + 3*h + 34 = 0. Suppose -3*i - 4*n = -i - v, -3*i + 2*n - 1 = 0. Let s(a) = 4109*a**3 - 2*a**2 + 2*a. Is s(i) a composite number?
True
Let c(k) be the second derivative of k**5/20 - k**4/3 - k**3 - 4*k**2 + 2*k. Let l be c(6). Suppose 31*q = l*q + 4863. Is q a prime number?
True
Let q = 19 + -25. Let w be (-27 + 0)/(24/32). Is (-50496)/w - (-4)/q a prime number?
False
Let k = -2010 + 5169. Suppose -k - 2319 = -2*q + 4*w, 5*q - 13707 = 4*w. Suppose -5*m + 2731 = 3*u, 0*u + 2*m - q = -3*u. Is u prime?
False
Suppose 6*i + 552437 = 29*i. Is i a prime number?
True
Let y(w) = w**3 - 11*w**2 + 3. Let t be y(11). Let c be 3 - t*(-2)/6. Suppose n - 5*d - 314 = 0, -c*n - 290 = -5*n - 3*d. Is n composite?
True
Let a(b) = 608*b - 123. Let k = 11 - 6. Is a(k) a prime number?
True
Let k(t) = -t**3 + 59*t**2 + 23*t - 161. Let x be k(35). Suppose -29*z + z + x = 0. Is z composite?
True
Let i be -2 + 3 - 0 - 1. Suppose -5*k + 10 = -i*p - p, p = 4*k - 8. Suppose 2*s - 4126 = 5*h, -5*s + k*h + 10277 = -h. Is s composite?
False
Let f = 224089 - 68204. Is f a composite number?
True
Let u be ((-6)/5)/((-6)/(-14780)). Let m = 8303 + u. Suppose 9*q - 5349 = 4*q - 4*s, -m = -5*q - 2*s. Is q a prime number?
True
Suppose 11*q + 25*q - 58536 = 0. Let n = -203 + q. Is n composite?
False
Let q = -57 - -79. Let m(r) = 0 + 27*r**3 + r**2 + 2*r - 4 - q*r**3 - 3. Is m(3) composite?
True
Let x = 1459 + -566. Let n = x + -442. Is n prime?
False
Suppose 3*u + 2039 - 7757 = 0. Let o = u + 25. Is o prime?
True
Suppose 5*y + g + 11395 = 0, -2*y + g - 4546 = -g. Is (y/(-4))/(14/28) a composite number?
True
Let j be ((-8)/3 + 2)/(14/(-105)). Suppose 2*q + 2*q - 1067 = -h, 0 = 2*h + 4*q - 2130. Suppose 2*y = n + h + 471, -j*y - 5*n = -3865. Is y a prime number?
True
Let m = -303787 - -481166. Is m a composite number?
False
Suppose 0 = -5*y + 3*h + 11, y + 5*h = 6*y - 5. Suppose -s = 40*p - 43*p +